3*m**2 + 7835*m - 110295. Give x(14).
-17
Let v(i) = -7892*i - 71122. Calculate v(-9).
-94
Let p(y) = 3*y**3 + 1567*y**2 - 7378*y - 1234. Determine p(-527).
-1234
Let q(o) = -2*o**2 + 6953*o - 96939. Give q(14).
11
Let n(b) = -5*b**3 + 291*b**2 - 54*b - 234. Determine n(58).
-2
Let v(f) = f**3 - 24*f**2 + 456*f - 9603. Calculate v(21).
-1350
Let i(v) = v**3 + 94*v**2 + 1917*v + 2086. Calculate i(-65).
6
Let l(h) = 19*h**2 - 742*h + 134. Give l(40).
854
Let q(j) = 1966*j + 57749. What is q(-29)?
735
Let a(w) = -21*w**2 + 734*w + 48. What is a(35)?
13
Let n(b) = 10825*b + 714444. What is n(-66)?
-6
Let q(m) = m**3 - 40*m**2 + 218*m + 2465. Determine q(30).
5
Let w(h) = -4418*h + 2235441. Give w(506).
-67
Let x(z) = z**2 + 61866*z + 2781946. What is x(-45)?
1
Let i(q) = -q**2 + 12*q + 632. Calculate i(38).
-356
Let r(k) = -9*k**2 + 46*k - 6. Give r(5).
-1
Let u(k) = -181*k - 44061. Calculate u(-242).
-259
Let g(r) = -128*r**2 + 1695*r - 5591. Calculate g(7).
2
Let m(u) = -4*u**3 - 152*u**2 - 328*u - 6699. What is m(-37)?
-39
Let i(g) = -874*g - 57685. Give i(-66).
-1
Let x(c) = -6*c**3 + 103*c**2 - 175*c - 77. Give x(12).
2287
Let d(k) = k**2 - 210*k + 9746. What is d(140)?
-54
Let j(r) = 6186*r + 31040. Calculate j(-5).
110
Let q(u) = -13302*u - 26567. Calculate q(-2).
37
Let n(y) = -11*y**2 + 498*y - 233. What is n(46)?
-601
Let q(d) = -7*d**3 - 1807*d**2 - 261*d - 837. What is q(-258)?
-63
Let n(f) = -118971*f + 2022570. Give n(17).
63
Let q(k) = -71443*k + 2571963. What is q(36)?
15
Let u(d) = -652*d + 3874. Give u(6).
-38
Let b(w) = -3161*w + 155035. Determine b(49).
146
Let m(q) = -q**3 + 87*q**2 - 330*q - 197. What is m(83)?
-31
Let o(w) = -3447*w + 1389137. Give o(403).
-4
Let n(b) = 13*b**2 - 2729*b - 5750. Give n(212).
-26
Let b(v) = -9*v**2 + 43597*v - 435076. Calculate b(10).
-6
Let d(l) = 165*l - 18182. Determine d(110).
-32
Let r(h) = -h**2 - 5311*h + 284294. What is r(53)?
2
Let c(u) = -u**3 + 139*u**2 + 2*u - 81. What is c(0)?
-81
Let x(b) = -57552*b + 3510695. Determine x(61).
23
Let t(l) = -l**3 + 27*l**2 - 15*l + 5629. Give t(32).
29
Let h(j) = -j**2 - 160*j - 831. What is h(-153)?
240
Let b(f) = -5*f**3 + 266*f**2 - 51*f - 258. Give b(53).
-152
Let g(p) = -21837*p + 611432. Give g(28).
-4
Let u(o) = -26*o**2 - 214*o - 121. Calculate u(-8).
-73
Let b(f) = 2*f**3 + 20*f**2 + 40*f - 23. Give b(-3).
-17
Let z(j) = 4*j**3 - 147*j**2 - 1929*j + 70. What is z(47)?
-24
Let q(j) = -5*j**3 + 15*j**2 + 18*j - 27. Give q(1).
1
Let x(i) = -3*i**2 + 145*i + 236624. Determine x(306).
86
Let x(s) = -2*s**3 + 14*s**2 + 13*s + 29. Determine x(-6).
887
Let c(v) = -5*v**2 - 597*v + 4143. What is c(-126)?
-15
Let c(p) = -223*p**2 - 10475*p + 24. Calculate c(-47).
-258
Let v(h) = -7459*h**2 - 223779*h - 35. Determine v(-30).
235
Let b(h) = -10*h**2 + 1138*h + 18188. What is b(128)?
12
Let a(q) = -46*q**2 - 462*q + 1278. Give a(-12).
198
Let q(b) = -261*b**2 - 3382*b - 2998. Give q(-12).
2
Let q(y) = 815711*y - 21208482. Give q(26).
4
Let s(g) = 419230*g - 8384593. What is s(20)?
7
Let j(g) = g**2 - 10*g - 1704. Calculate j(41).
-433
Let s(d) = 1917*d - 9545. What is s(5)?
40
Let g(s) = 196516*s + 786260. Give g(-4).
196
Let g(o) = -39243*o + 274724. Give g(7).
23
Let o(i) = -14*i**2 + 41*i + 911. Give o(-11).
-1234
Let n(u) = 8*u**3 - 24*u**2 - 173*u + 159. Give n(-7).
-2550
Let l(y) = -2*y**2 + 1122*y + 7896. Calculate l(-7).
-56
Let q(a) = 3*a**3 - 85*a**2 - 68*a + 63. Determine q(26).
-6437
Let j(z) = -5070*z - 25306. Give j(-5).
44
Let s(b) = b**3 + 490*b**2 - 5*b - 208. Give s(0).
-208
Let u(w) = -126*w**2 + 30012*w + 242059. Calculate u(246).
-5
Let u(k) = 38*k**3 - 213*k**2 - 74*k - 25. Calculate u(6).
71
Let b(z) = -28*z**2 - 210*z + 1161. Determine b(6).
-1107
Let x(k) = -73*k**2 - 44*k + 204. Determine x(4).
-1140
Let h(k) = k**3 - 98*k**2 + 83*k - 8083. Calculate h(98).
51
Let j(k) = -7*k**3 - 2663*k**2 + 24520*k + 5. Calculate j(9).
-121
Let t(s) = -2038*s - 32820. Determine t(-16).
-212
Let b(v) = -199*v - 110. Determine b(-6).
1084
Let c(r) = -77*r**2 + 372*r + 111. Give c(5).
46
Let i(a) = -148*a**2 - 97*a - 3. What is i(-1)?
-54
Let h(b) = -1193*b**2 + 32175*b + 965. Calculate h(27).
-7
Let y(c) = -2*c**3 + 83*c**2 + 502*c + 6116. Calculate y(48).
260
Let c(p) = 950*p - 25987. What is c(27)?
-337
Let p(n) = n**3 - 8*n**2 - 489*n + 4005. Calculate p(8).
93
Let a(c) = 13*c**2 - 1036*c + 17513. Calculate a(24).
137
Let a(g) = 70440*g + 1972330. Give a(-28).
10
Let z(p) = 79290*p - 237868. Determine z(3).
2
Let y(b) = -45*b**2 - 101*b - 415. Determine y(-3).
-517
Let q(o) = o**2 + 757*o - 50815. Determine q(62).
-37
Let n(l) = -l**3 - 45*l**2 - 595*l - 15804. Determine n(-40).
-4
Let k(d) = 96720*d + 386908. Calculate k(-4).
28
Let h(i) = 287*i + 8051. Calculate h(-26).
589
Let j(k) = -78*k**2 + 16701*k - 34953. Determine j(212).
27
Let w(x) = -2*x**2 + 3565*x - 1572345. Give w(801).
18
Let g(b) = 6429893*b + 6429898. Give g(-1).
5
Let h(g) = g**3 - 56*g**2 + 560*g - 605. What is h(10)?
395
Let f(l) = l**2 - 1104*l + 204225. Give f(235).
10
Let z(x) = -x**3 + 62*x**2 + 157*x + 2575. Calculate z(65).
105
Let m(o) = -o**2 - 70*o - 699. Give m(-83).
-1778
Let x(h) = 2*h**2 - 265*h + 6661. What is x(99)?
28
Let p(c) = 3149*c - 170050. Determine p(54).
-4
Let i(n) = 43369*n + 3946577. Give i(-91).
-2
Let s(b) = -6811*b - 3316961. What is s(-487)?
-4
Let g(r) = -73336*r - 219521. Calculate g(-3).
487
Let c(r) = -r**3 + 11*r**2 + 726*r + 396. Determine c(33).
396
Let v(t) = t**3 - 308*t**2 + 2689*t + 589. Determine v(299).
-9
Let h(m) = 2*m**3 - 150*m**2 + 304*m - 23187. What is h(75)?
-387
Let w(v) = -3*v**2 + 43*v + 1307. What is w(27)?
281
Let v(r) = r**2 + 55*r - 1365. Give v(-73).
-51
Let r(h) = 267363*h + 1604168. Determine r(-6).
-10
Let n(h) = 17*h**2 - 1833*h - 299. Determine n(108).
25
Let c(k) = -130*k**3 - 4*k**2 - 193*k + 383. What is c(2)?
-1059
Let s(h) = 4*h**3 + 267*h**2 - 76*h - 737. Determine s(-67).
-134
Let j(u) = 4*u**3 - 135*u**2 + 67*u + 1733. What is j(33)?
677
Let k(l) = 95*l**2 + 2381*l - 180. Give k(-25).
-330
Let x(a) = 398822*a - 398887. What is x(1)?
-65
Let j(b) = -17*b**2 - 8195*b - 88541. What is j(-471)?
7
Let y(v) = -580*v**2 + 10341*v + 10342. What is y(-1)?
-579
Let d(o) = 2*o**2 + 181*o + 1198. Give d(-79).
-619
Let q(j) = 2*j**3 + 155*j**2 + 83*j + 46. Determine q(-77).
-416
Let r(u) = -u**3 + 82*u**2 - 415*u - 21. Give r(5).
-171
Let x(p) = 98*p**2 - 22050*p - 725. Calculate x(225).
-725
Let v(p) = 51010*p - 1224242. Determine v(24).
-2
Let c(z) = -6*z**3 + 43*z**2 + 165*z - 30. What is c(10)?
-80
Let u(n) = n**3 + 541*n**2 - 597*n - 29873. Give u(-542).
-63
Let y(r) = -43*r**2 - 833*r - 4226. What is y(-5)?
-1136
Let h(v) = -15*v**2 - 366*v + 500. Calculate h(-27).
-553
Let t(y) = -3*y**2 - 2199*y - 59218. Calculate t(-705).
2
Let b(a) = 19*a**2 + 8979*a - 12880. Give b(-474).
-82
Let i(k) = k**2 - 1872*k - 22608. Give i(-12).
0
Let v(n) = 2*n**2 - 3625*n - 32536. Calculate v(-9).
251
Let l(o) = 66*o - 1952. What is l(-19)?
-3206
Let c(r) = -79588*r - 955072. Calculate c(-12).
-16
Let x(p) = 88182*p + 88182. Give x(-1).
0
Let f(k) = -k**3 - 6*k**2 + 135*k - 7. Give f(9).
-7
Let q(p) = -p**3 - 151*p**2 - 1136*p + 1029. What is q(-143)?
-115
Let h(n) = -5*n**2 - 9745*n - 249997. What is h(-26)?
-7
Let h(y) = 8500*y - 93474. Calculate h(11).
26
Let l(c) = 234*c - 2491. Determine l(12).
317
Let w(t) = 10*t**3 + 84*t**2 + 3*t + 59. Determine w(-7).
724
Let f(t) = -11728*t + 82032. What is f(7)?
-64
Let h(s) = 10*s + 677. Calculate h(-18).
497
Let v(w) = -1665*w + 98228. Calculate v(59).
-7
Let c(z) = -z**3 - 654*z**2 - 5117*z - 4102. Calculate c(-7).
14
Let t(s) = 4*s**3 - 114*s**2 + 84*s - 1284. Give t(28).
-500
Let c(z) = -6*z**2 - 98732*z + 592612. What is c(6)?
4
Let i(m) = -12127*m + 400198. What is i(33)?
7
Let g(a) = -6491*a + 58. Give g(0).
58
Let z(r) = r**2 + 33896*r - 67786. What is z(2)?
10
Let d(c) = 11*c**3 + 79*c**2 + 101*c - 60. What is d(-5)?
35
Let m(y) = 103*y**2 - 58103*y + 5955. Calculate m(564).
-249
Let w(v) = -v**3 - 2*v**2 + 7*v - 15. Give w(0).
-15
Let r(w) = w**2 + 184*w + 7970. Give r(-69).
35
Let x(y) = -y**2 + 339*y - 18321. Give x(74).
1289
Let h(n) = n**2 + 58*n - 359. W